{"id":971,"date":"2020-10-27T09:41:00","date_gmt":"2020-10-27T08:41:00","guid":{"rendered":"https:\/\/nueva.milanocosmetics.it\/?post_type=product&#038;p=971"},"modified":"2024-11-28T09:35:48","modified_gmt":"2024-11-28T08:35:48","slug":"maschera-anti-frizz-alisador-1000ml","status":"publish","type":"product","link":"https:\/\/nueva.milanocosmetics.it\/es\/producto\/mascarilla-alisadora-1000ml\/","title":{"rendered":"Mascarilla Alisadora 1000ml"},"content":{"rendered":"<p><span style=\"color: #000000;\">Mascarilla capilar anti-frizz con BioKeratin vegetal, queratina de origen totalmente vegetal y similar a la queratina natural, que intensifica y optimiza la acci\u00f3n de sus principios activos en los cabellos m\u00e1s dif\u00edciles y exigentes. Mejora tu cabello al mismo tiempo que te facilita el alisado. R\u00e1pida absorci\u00f3n que garantiza su efectividad y hace que tu cabello se alise mejor.\u00a0<\/span><\/p>\n<p><span style=\"color: #000000;\">Propiedades:<\/span><\/p>\n<ul>\n<li><span style=\"color: #000000;\">Reestructurante y nutritivo<\/span><\/li>\n<li><span style=\"color: #000000;\">Aporta suavidad y brillo<\/span><\/li>\n<\/ul>","protected":false},"excerpt":{"rendered":"<p><span style=\"color: #000000;\">Alisa y nutre el cabello<\/span><\/p>","protected":false},"featured_media":1417,"comment_status":"open","ping_status":"closed","template":"","meta":{"_acf_changed":false,"_seopress_robots_primary_cat":"none","_seopress_titles_title":"","_seopress_titles_desc":"","_seopress_robots_index":""},"product_cat":[57,24],"product_tag":[],"class_list":{"0":"post-971","1":"product","2":"type-product","3":"status-publish","4":"has-post-thumbnail","6":"product_cat-linea-femminile","7":"product_cat-maschera","9":"first","10":"instock","11":"purchasable","12":"product-type-simple"},"acf":[],"_links":{"self":[{"href":"https:\/\/nueva.milanocosmetics.it\/es\/wp-json\/wp\/v2\/product\/971","targetHints":{"allow":["GET"]}}],"collection":[{"href":"https:\/\/nueva.milanocosmetics.it\/es\/wp-json\/wp\/v2\/product"}],"about":[{"href":"https:\/\/nueva.milanocosmetics.it\/es\/wp-json\/wp\/v2\/types\/product"}],"replies":[{"embeddable":true,"href":"https:\/\/nueva.milanocosmetics.it\/es\/wp-json\/wp\/v2\/comments?post=971"}],"version-history":[{"count":0,"href":"https:\/\/nueva.milanocosmetics.it\/es\/wp-json\/wp\/v2\/product\/971\/revisions"}],"wp:featuredmedia":[{"embeddable":true,"href":"https:\/\/nueva.milanocosmetics.it\/es\/wp-json\/wp\/v2\/media\/1417"}],"wp:attachment":[{"href":"https:\/\/nueva.milanocosmetics.it\/es\/wp-json\/wp\/v2\/media?parent=971"}],"wp:term":[{"taxonomy":"product_cat","embeddable":true,"href":"https:\/\/nueva.milanocosmetics.it\/es\/wp-json\/wp\/v2\/product_cat?post=971"},{"taxonomy":"product_tag","embeddable":true,"href":"https:\/\/nueva.milanocosmetics.it\/es\/wp-json\/wp\/v2\/product_tag?post=971"}],"curies":[{"name":"wp","href":"https:\/\/api.w.org\/{rel}","templated":true}]}}

<p><span style="color: #000000;">Mascarilla capilar anti-frizz con BioKeratin vegetal, queratina de origen totalmente vegetal y similar a la queratina natural, que intensifica y optimiza la acción de sus principios activos en los cabellos más difíciles y exigentes. Mejora tu cabello al mismo tiempo que te facilita el alisado. Rápida absorción que garantiza su efectividad y hace que tu cabello se alise mejor. </span></p>
<p><span style="color: #000000;">Propiedades:</span></p>
<ul>
<li><span style="color: #000000;">Reestructurante y nutritivo</span></li>
<li><span style="color: #000000;">Aporta suavidad y brillo</span></li>
</ul>
